v(i)?
23
Let k(d) = 77*d**2 + d - 7. What are the prime factors of k(-3)?
683
Suppose -3*g - 7 = -d + 4, 2*g = 4*d - 34. Let l(q) = -q**3 + 9*q**2 + 4*q + 19. What are the prime factors of l(d)?
5, 23
Let s = -54 + -98. Let w = 222 + s. List the prime factors of w.
2, 5, 7
Let s = 126 + 0. Suppose s = -3*x + 9*x. Let y = -16 + x. List the prime factors of y.
5
Suppose -3*l + 15 = 3*y, -2*l = -2*y - 5*l + 13. Suppose -y = -s + 2. Suppose -s - 4 = -4*g. List the prime factors of g.
2
Let r = 2838 + -1081. What are the prime factors of r?
7, 251
What are the prime factors of (-3)/(6/(-428)) - (6 - 7)?
5, 43
Suppose -3*g - 5*s = -0*s - 943, -3*g - 4*s + 941 = 0. List the prime factors of g.
311
Suppose m - 256 = -3*m. List the prime factors of m.
2
Suppose 4*z = 5 + 3. Let p be ((-6)/z)/(3/(-2)). List the prime factors of (-6 - -3) + 6*p.
3
Suppose -3*z + 4 = -z. Suppose -5*x + 11 + 4 = 0. Suppose -2*d - x*c + 15 = -37, 0 = -2*d - z*c + 48. What are the prime factors of d?
2, 5
Suppose 3*a - 219 = 87. Let z = a - 68. List the prime factors of z.
2, 17
Let u = -2660 - -3758. What are the prime factors of u?
2, 3, 61
Let r(s) = 18 + 6 - 7*s - 10 + 9. Let a be r(-16). Suppose -v - 119 = -4*t, 5*t - a = 7*v - 3*v. List the prime factors of t.
31
Let f be 65*((-3)/(-1))/(12/16). Let c = f - 173. List the prime factors of c.
3, 29
Let m(c) = -14*c + 31. Let r be m(9). Let u = r + 182. List the prime factors of u.
3, 29
Suppose 2*y - 622 = 4*q, -y = -0*q + 5*q + 767. Let a(c) = -2*c**2 - 8*c + 11. Let i be a(-5). What are the prime factors of q/(-8) + i/(-4)?
19
Let h(k) be the second derivative of -5*k**3/6 - 7*k**2/2 + k. Let l be h(-3). Suppose -2*f - 2 - 4 = 0, 2*f + l = s. List the prime factors of s.
2
Let v be 16/(-12)*(-10 + 1). List the prime factors of ((-27)/v)/((-3)/32).
2, 3
Let d = -33 - -36. Suppose 4 + 8 = 3*f. Suppose d*y - 28 = -2*i - 0*y, -f*i - 2*y + 48 = 0. List the prime factors of i.
11
Let k = 80 - 77. Suppose 539 = 5*h - 2*j, 2*j - 339 = -k*h - 2*j. List the prime factors of h.
109
Let k(b) = -3 - b - 5 + 2 + 7 + 51*b**2. Let a be k(2). Suppose 3*r = -4*v + a, 236 = 3*v + 3*r + 80. What are the prime factors of v?
47
Suppose -17*u + 2462 = -5069. Suppose 0 = -5*v - 25, -3*t - 5*v = -447 - u. What are the prime factors of t?
5, 61
Let t(c) = -c + 9. Let d be t(9). Let z(r) = -2*r - r**2 + 51*r**3 + r - 50*r**3 + 19 + 4. List the prime factors of z(d).
23
Let v = -8 + 10. Suppose -19 = -v*c - 45. Let m = -8 - c. What are the prime factors of m?
5
Let q be 4/(-3)*3 + 8. Suppose 4*d - 88 = -3*p + 172, -3*d = q*p - 188. List the prime factors of d.
2, 17
Suppose 0 = m - 3*m + 16. Let k = 9 - m. What are the prime factors of k - 1 - (-3 + -20)?
23
Suppose -5*t + 2*t = -162. Let k = t - -4. Suppose -2*p + k = -24. What are the prime factors of p?
41
Let g = 7 - 9. What are the prime factors of 0 + 2 + g + 15?
3, 5
Let r(p) = -p**2 - 13*p + 3. What are the prime factors of r(-2)?
5
Suppose 11*q - 28 = 38. Suppose q*a - 432 = 3*a. List the prime factors of a.
2, 3
Let r(v) = -2*v**2 - 28*v - 92. Let u(n) = n**2 + 14*n + 46. Let t(w) = -3*r(w) - 5*u(w). What are the prime factors of t(-19)?
3, 47
Let b(d) be the first derivative of -9*d**2 - 7*d + 7. What are the prime factors of b(-3)?
47
What are the prime factors of (2 - 0)/(-4) + (-52008)/(-16)?
2, 5, 13
Let q = -389 + 815. Suppose -13*h + 120 = -q. What are the prime factors of h?
2, 3, 7
Let t be 189 + -1 - (21 - 21). Suppose 4*w - 472 = t. List the prime factors of w.
3, 5, 11
Let i = -127 + 133. What are the prime factors of 12 + 276 - (-4)/i*-3?
2, 11, 13
Suppose 0 = 4*g - 2*r - 22654, -4*r = 3*g - 8*r - 16993. What are the prime factors of g?
7, 809
Let g = 18 - 13. Suppose -g*v + 10*v - 2*y - 213 = 0, y + 214 = 5*v. What are the prime factors of v?
43
Suppose 0 = h - c - 1535, 2*h + 28*c - 29*c - 3072 = 0. List the prime factors of h.
29, 53
Let x(w) = -w**3 - 5*w**2 + 26*w + 19. Let q be x(-8). Suppose 196 = q*c - 4*v - 72, -3*c - 4*v + 308 = 0. List the prime factors of c.
2, 3
Let u(n) = 3*n + 20. Let g be u(-4). List the prime factors of (-1 + g)/((-5)/(-175)).
5, 7
Suppose 5*k + 3*m = 5777, -3*k - 42*m + 3455 = -43*m. What are the prime factors of k?
1153
Suppose -59*a = -37*a - 10890. What are the prime factors of a?
3, 5, 11
Suppose -5*i + 15 = 5*k, -1 = k - 3*i - 0*i. Suppose l + 2*g = -k*l + 103, l - 37 = -2*g. List the prime factors of l.
3, 11
Let x(a) = 2*a**3 - 19*a**2 + 5*a - 10. List the prime factors of x(10).
2, 5, 7
Let d(z) = z**2 - 10*z + 203. What are the prime factors of d(7)?
2, 7, 13
Suppose 5*v - 3*v = 14. Let u = 9 - v. Suppose 34 = u*n + 5*h, 2*h - 26 = -2*n + h. What are the prime factors of n?
2, 3
Suppose 3*k = r + 2*k - 3, -4*r - k = 13. What are the prime factors of ((-10)/(-4) - 4)*r?
3
Suppose 28 = 4*b + 10*b. Suppose 91 = 5*j + 31. List the prime factors of (b*j)/(9/6).
2
Let g(r) = 7*r - 6. Let s = -68 + 74. List the prime factors of g(s).
2, 3
Let x(t) = 8*t**2 - 12*t + 430. List the prime factors of x(18).
2, 23, 61
Suppose -784 - 554 = -6*n. What are the prime factors of n?
223
Let a(i) = -3*i**3 - 11*i**2 + 18*i - 18. List the prime factors of a(-8).
2, 5, 67
Let c(n) = n**2 - n + 1. Let p(f) = f**2 - 16*f - 16. Suppose 7 - 11 = 4*h. Let z(b) = h*p(b) + 2*c(b). What are the prime factors of z(-13)?
5
Suppose 5*l = 3*r + 1395, 7*l - 1119 = 3*l + 3*r. Suppose 2*s = 6*s - l. What are the prime factors of s?
3, 23
Suppose -2*b - k + 6 = 0, 4*b + 3*k + k - 4 = 0. Let f = 169 - 44. Suppose -2*j = -b*u - f, -4*j = j + 4*u - 230. List the prime factors of j.
2, 5
Suppose -9 = -b + h, 4*h + 19 + 21 = 5*b. Suppose 0 = p + b*p - 135. List the prime factors of ((-30)/(-1))/(p/18).
2, 5
Let i(s) = 3*s + 23. Let k be i(-8). Let h(u) = -3*u - 1. List the prime factors of h(k).
2
Let i = 3 - 1. Suppose 4*u - i = 14. Suppose -u*p - 2 = -o - o, -13 = -o - 4*p. List the prime factors of o.
5
Suppose 55 + 1 = 7*b. Suppose -3*h + 205 = -4*m, 4*m = -4*h + b*m + 272. What are the prime factors of h?
67
Suppose 0 = 52*i - 310437 + 71185. List the prime factors of i.
43, 107
Suppose 8*m + 3*m - 7601 = 0. What are the prime factors of m?
691
Suppose -4*o = -0 - 4. Let h(p) = 3*p + 20. Let c be h(-7). What are the prime factors of (o/c)/((-5)/115)?
23
Let x = -219 + 281. List the prime factors of x.
2, 31
Suppose 0 = r - 2*r + 3. Suppose 98 = -r*i + 539. List the prime factors of i.
3, 7
Let d(y) = 106*y**2 - y. Let x be d(1). Suppose 2*v - x = 105. What are the prime factors of v?
3, 5, 7
Let w(f) be the second derivative of 79*f**4/12 + 18*f. What are the prime factors of w(1)?
79
Let w(d) = d**3 - 8*d**2 - 12*d + 14. Let s be w(9). Let q be s/(-3*(-2)/(-6)). Suppose -3*b + q = -2*b. What are the prime factors of b?
13
Let l = 104 + -78. Suppose -l*p + 392 = -22*p. List the prime factors of p.
2, 7
Suppose -5*s - 97 = -17. Let r be (5 + -8)*s/6. Let i(l) = -l**3 + 8*l**2 + 3*l - 4. What are the prime factors of i(r)?
2, 5
Suppose 0*a = 4*a - 28. Let p = a - 7. Suppose -4*x + 110 = -0*r + 5*r, x - 5 = p. List the prime factors of r.
2, 3
Suppose 5*l - 15 = 0, 0 = -0*m - 4*m + l + 49. Suppose -1312 = -m*b + 235. List the prime factors of b.
7, 17
Let z(s) = -s - 6. Let a be z(-8). Let w be 4/(a + 3/(-2)). Let d = w + 1. What are the prime factors of d?
3
Let t(m) = m**3 + 24*m**2 - 7*m + 57. Let g be t(-24). What are the prime factors of 4/((-4)/(-2)) + g?
227
Suppose 6 = -2*k + 22. Suppose 0 = -0*x + 4*x - 2*g - k, -3*x = -5*g - 6. List the prime factors of 4/(x*(-3)/(-39)).
2, 13
Let b = 1281 + -81. List the prime factors of b.
2, 3, 5
What are the prime factors of (6 - 0)*(-1458)/(-36)?
3
Let g(o) = -o**3 - 6*o**2 + 3*o - 5. Let t be g(-5). Let q be 2/9 - 2105/t. Suppose -5*x = -28 - q. List the prime factors of x.
3, 5
Let z be 3/(8/2 + -3). Let q be (4 - 1)/z*0. Suppose q = -5*x - 6 - 4, 0 = 3*r - x - 170. List the prime factors of r.
2, 7
Let z(k) = k**2 - 16*k + 31. What are the prime factors of z(-14)?
11, 41
Suppose -9*d - 4*y - 3099 = -10*d, 0 = 4*d - 2*y - 12396. List the prime factors of d.
3, 1033
Suppose -4*k = -446 - 390. Suppose k = 5*l - 121. List the prime factors of l.
2, 3, 11
Let f(l) = -5*l**3 + 11*l**2 - 2*l + 9. Let m(s) = 4*s**3 - 10*s*